{"id":7154,"date":"2025-04-19T09:52:07","date_gmt":"2025-04-19T09:52:07","guid":{"rendered":"https:\/\/dw-demos.in.net\/aece\/?page_id=7154"},"modified":"2025-04-22T10:56:07","modified_gmt":"2025-04-22T10:56:07","slug":"votre-bureau-comptable-et-fiscal","status":"publish","type":"page","link":"https:\/\/dwdemos-creative.biz\/aece\/votre-bureau-comptable-et-fiscal\/","title":{"rendered":"Votre bureau comptable et fiscal"},"content":{"rendered":"\t\t<div data-elementor-type=\"wp-page\" data-elementor-id=\"7154\" class=\"elementor elementor-7154\">\n\t\t\t\t\t\t<section class=\"elementor-section elementor-top-section elementor-element elementor-element-0a7202d elementor-section-boxed elementor-section-height-default elementor-section-height-default\" data-id=\"0a7202d\" data-element_type=\"section\">\n\t\t\t\t\t\t<div class=\"elementor-container elementor-column-gap-default\">\n\t\t\t\t\t<div class=\"elementor-column elementor-col-50 elementor-top-column elementor-element elementor-element-55138ff\" data-id=\"55138ff\" data-element_type=\"column\">\n\t\t\t<div class=\"elementor-widget-wrap elementor-element-populated\">\n\t\t\t\t\t\t<div class=\"elementor-element elementor-element-5d44b56 elementor-widget elementor-widget-creote-title-v1\" data-id=\"5d44b56\" data-element_type=\"widget\" data-widget_type=\"creote-title-v1.default\">\n\t\t\t\t<div class=\"elementor-widget-container\">\n\t\t\t\t\t<div class=\"title_all_box style_one dark_color\">\r\n            <!-- Default title style -->\r\n        <div class=\"title_sections left\">\r\n                                        <div class=\"title\">\r\n                    Votre bureau comptable et fiscal                <\/div>\r\n                                <\/div>\r\n        <!-- End of default title style -->\r\n\r\n    <\/div>\r\n\t\t\t\t<\/div>\n\t\t\t\t<\/div>\n\t\t\t\t<div class=\"elementor-element elementor-element-4be8f8b elementor-widget elementor-widget-text-editor\" data-id=\"4be8f8b\" data-element_type=\"widget\" data-widget_type=\"text-editor.default\">\n\t\t\t\t<div class=\"elementor-widget-container\">\n\t\t\t\t\t\t\t\t\t<p><strong>Plus que de la comptabilit\u00e9<\/strong><\/p><p>En tant qu\u2019entrepreneur, vous recherchez des conseils dans diff\u00e9rents domaines. En comptabilit\u00e9, mais aussi dans le cadre juridique, fiscal et du d\u00e9veloppement de votre entreprise ?<\/p><p>Magnifique ! C\u2019est exactement ce que le bureau de comptabilit\u00e9 et de fiscalit\u00e9 AECE Accountancy vous propose. Notre vocation\u2009? R\u00e9pondre \u00e0 vos besoins, vous faire b\u00e9n\u00e9ficier d\u2019un maximum d\u2019avantages fiscaux et vous assister dans le cadre de la gestion, du lancement ou de la croissance de votre activit\u00e9.Notre volont\u00e9 ? Devenir votre conseiller, qui vous accompagne \u00e0 chacun de vos projets.<\/p>\t\t\t\t\t\t\t\t<\/div>\n\t\t\t\t<\/div>\n\t\t\t\t\t<\/div>\n\t\t<\/div>\n\t\t\t\t<div class=\"elementor-column elementor-col-50 elementor-top-column elementor-element elementor-element-bfd1edc\" data-id=\"bfd1edc\" data-element_type=\"column\">\n\t\t\t<div class=\"elementor-widget-wrap elementor-element-populated\">\n\t\t\t\t\t\t<div class=\"elementor-element elementor-element-a9fb537 elementor-widget elementor-widget-creote-image-box-v1\" data-id=\"a9fb537\" data-element_type=\"widget\" data-widget_type=\"creote-image-box-v1.default\">\n\t\t\t\t<div class=\"elementor-widget-container\">\n\t\t\t\t\t <div class=\"image_boxes style_seven\" >  <div class=\"image_box\"> <img decoding=\"async\" src=\"https:\/\/dw-demos.in.net\/aece\/wp-content\/uploads\/2025\/04\/03-3.jpg\" class=\"img-fluid\" alt=\"image\">   <\/div>   <div class=\"pattern_imag\"> <img decoding=\"async\" src=\"https:\/\/dwdemos-creative.biz\/aece\/wp-content\/plugins\/creote-addons\/\/assets\/images\/pattern-n1.png\" alt=\"img\"\/> <\/div>  <\/div> \r\n\t\t\t\t<\/div>\n\t\t\t\t<\/div>\n\t\t\t\t\t<\/div>\n\t\t<\/div>\n\t\t\t\t\t<\/div>\n\t\t<\/section>\n\t\t\t\t<section class=\"elementor-section elementor-top-section elementor-element elementor-element-562b721 elementor-section-boxed elementor-section-height-default elementor-section-height-default\" data-id=\"562b721\" data-element_type=\"section\" data-settings=\"{&quot;background_background&quot;:&quot;classic&quot;}\">\n\t\t\t\t\t\t<div class=\"elementor-container elementor-column-gap-default\">\n\t\t\t\t\t<div class=\"elementor-column elementor-col-50 elementor-top-column elementor-element elementor-element-543441e\" data-id=\"543441e\" data-element_type=\"column\">\n\t\t\t<div class=\"elementor-widget-wrap elementor-element-populated\">\n\t\t\t\t\t\t<div class=\"elementor-element elementor-element-124329f elementor-widget elementor-widget-creote-simple-image-box-v1\" data-id=\"124329f\" data-element_type=\"widget\" data-widget_type=\"creote-simple-image-box-v1.default\">\n\t\t\t\t<div class=\"elementor-widget-container\">\n\t\t\t\t\t<div class=\"simple_image_boxes  parallax_cover\"   data-aos=\"fade-up\" data-aos-delay=\"0\"  data-aos-offset=\"0\" >\r\n   <img decoding=\"async\" src=\"https:\/\/dw-demos.in.net\/aece\/wp-content\/uploads\/2025\/04\/08-1.jpg\" class=\"simp_img cover-parallax\" alt=\"\" \/>\r\n<\/div>\r\n\t\t\t\t<\/div>\n\t\t\t\t<\/div>\n\t\t\t\t\t<\/div>\n\t\t<\/div>\n\t\t\t\t<div class=\"elementor-column elementor-col-50 elementor-top-column elementor-element elementor-element-4481ad5\" data-id=\"4481ad5\" data-element_type=\"column\">\n\t\t\t<div class=\"elementor-widget-wrap elementor-element-populated\">\n\t\t\t\t\t\t<div class=\"elementor-element elementor-element-2e366a2 elementor-widget elementor-widget-creote-title-v1\" data-id=\"2e366a2\" data-element_type=\"widget\" data-widget_type=\"creote-title-v1.default\">\n\t\t\t\t<div class=\"elementor-widget-container\">\n\t\t\t\t\t<div class=\"title_all_box style_one dark_color\">\r\n            <!-- Default title style -->\r\n        <div class=\"title_sections left\">\r\n                                        <div class=\"title\">\r\n                    Une compl\u00e8te prise en charge de vos documents comptables                <\/div>\r\n                                <\/div>\r\n        <!-- End of default title style -->\r\n\r\n    <\/div>\r\n\t\t\t\t<\/div>\n\t\t\t\t<\/div>\n\t\t\t\t<div class=\"elementor-element elementor-element-4cf0aaf elementor-widget elementor-widget-text-editor\" data-id=\"4cf0aaf\" data-element_type=\"widget\" data-widget_type=\"text-editor.default\">\n\t\t\t\t<div class=\"elementor-widget-container\">\n\t\t\t\t\t\t\t\t\t<p>Au sein du cabinet, tout sera mis en oeuvre pour vous d\u00e9charger au maximum des contraintes l\u00e9gales qui vous p\u00e8sent. La saisie comptable en fait bien entendu partie. L\u2019objectif ainsi poursuivi est de r\u00e9pondre efficacement \u00e0 ce genre de probl\u00e9matiques et d\u2019agir en temps et en heure, sans que vous ayez \u00e0 y penser!<\/p>\t\t\t\t\t\t\t\t<\/div>\n\t\t\t\t<\/div>\n\t\t\t\t\t<\/div>\n\t\t<\/div>\n\t\t\t\t\t<\/div>\n\t\t<\/section>\n\t\t\t\t<section class=\"elementor-section elementor-top-section elementor-element elementor-element-df07025 elementor-section-boxed elementor-section-height-default elementor-section-height-default\" data-id=\"df07025\" data-element_type=\"section\">\n\t\t\t\t\t\t<div class=\"elementor-container elementor-column-gap-default\">\n\t\t\t\t\t<div class=\"elementor-column elementor-col-50 elementor-top-column elementor-element elementor-element-b9b182c\" data-id=\"b9b182c\" data-element_type=\"column\">\n\t\t\t<div class=\"elementor-widget-wrap elementor-element-populated\">\n\t\t\t\t\t\t<div class=\"elementor-element elementor-element-263f888 elementor-widget elementor-widget-creote-title-v1\" data-id=\"263f888\" data-element_type=\"widget\" data-widget_type=\"creote-title-v1.default\">\n\t\t\t\t<div class=\"elementor-widget-container\">\n\t\t\t\t\t<div class=\"title_all_box style_one dark_color\">\r\n            <!-- Default title style -->\r\n        <div class=\"title_sections left\">\r\n                                        <div class=\"title\">\r\n                    Une compl\u00e8te prise en charge de vos documents comptables                <\/div>\r\n                                <\/div>\r\n        <!-- End of default title style -->\r\n\r\n    <\/div>\r\n\t\t\t\t<\/div>\n\t\t\t\t<\/div>\n\t\t\t\t<div class=\"elementor-element elementor-element-47dbfdb elementor-widget elementor-widget-text-editor\" data-id=\"47dbfdb\" data-element_type=\"widget\" data-widget_type=\"text-editor.default\">\n\t\t\t\t<div class=\"elementor-widget-container\">\n\t\t\t\t\t\t\t\t\t<p>Une fr\u00e9quence adapt\u00e9e aux besoins de votre structure. Que vous soyez simple ind\u00e9pendant ou \u00e0 la t\u00eate d\u2019une multinationale, AECE Accountancy fera preuve de suffisamment de souplesse pour parer \u00e0 toutes vos exigences. A cet effet, le bureau pourra proc\u00e9der \u00e0 une collecte mensuelle ou trimestrielle de l\u2019ensemble des justificatifs indispensables \u00e0 la saisie comptable de mani\u00e9re digitale et rapide.<\/p><p>Afin de vous proposer des prestations en ad\u00e9quation avec les imp\u00e9ratifs du march\u00e9 actuel, votre bureau comptable manie bien entendu des donn\u00e9es num\u00e9ris\u00e9es, ce qui permet notamment un traitement dans de meilleurs d\u00e9lais et vous donne un acc\u00e8s en ligne pour consulter les \u00e9l\u00e9ments de votre dossier.<\/p>\t\t\t\t\t\t\t\t<\/div>\n\t\t\t\t<\/div>\n\t\t\t\t\t<\/div>\n\t\t<\/div>\n\t\t\t\t<div class=\"elementor-column elementor-col-50 elementor-top-column elementor-element elementor-element-b6dfcda\" data-id=\"b6dfcda\" data-element_type=\"column\">\n\t\t\t<div class=\"elementor-widget-wrap elementor-element-populated\">\n\t\t\t\t\t\t<div class=\"elementor-element elementor-element-7b826d1 elementor-widget elementor-widget-creote-image-box-v1\" data-id=\"7b826d1\" data-element_type=\"widget\" data-widget_type=\"creote-image-box-v1.default\">\n\t\t\t\t<div class=\"elementor-widget-container\">\n\t\t\t\t\t <div class=\"image_boxes style_seven\" >  <div class=\"image_box\"> <img decoding=\"async\" src=\"https:\/\/dw-demos.in.net\/aece\/wp-content\/uploads\/2025\/04\/02.jpg\" class=\"img-fluid\" alt=\"image\">   <\/div>   <div class=\"pattern_imag\"> <img decoding=\"async\" src=\"https:\/\/dwdemos-creative.biz\/aece\/wp-content\/plugins\/creote-addons\/\/assets\/images\/pattern-n1.png\" alt=\"img\"\/> <\/div>  <\/div> \r\n\t\t\t\t<\/div>\n\t\t\t\t<\/div>\n\t\t\t\t\t<\/div>\n\t\t<\/div>\n\t\t\t\t\t<\/div>\n\t\t<\/section>\n\t\t\t\t<\/div>\n\t\t","protected":false},"excerpt":{"rendered":"<p>Votre bureau comptable et fiscal Plus que de la comptabilit\u00e9 En tant qu\u2019entrepreneur, vous recherchez des conseils dans diff\u00e9rents domaines. En comptabilit\u00e9, mais aussi dans le cadre juridique, fiscal et du d\u00e9veloppement de votre entreprise ? Magnifique ! C\u2019est exactement ce que le bureau de comptabilit\u00e9 et de fiscalit\u00e9 AECE Accountancy vous propose. Notre vocation\u2009? [&hellip;]<\/p>\n","protected":false},"author":1,"featured_media":0,"parent":0,"menu_order":0,"comment_status":"closed","ping_status":"closed","template":"template-fullwidth.php","meta":{"content-type":"","footnotes":""},"class_list":["post-7154","page","type-page","status-publish","hentry"],"_links":{"self":[{"href":"https:\/\/dwdemos-creative.biz\/aece\/wp-json\/wp\/v2\/pages\/7154","targetHints":{"allow":["GET"]}}],"collection":[{"href":"https:\/\/dwdemos-creative.biz\/aece\/wp-json\/wp\/v2\/pages"}],"about":[{"href":"https:\/\/dwdemos-creative.biz\/aece\/wp-json\/wp\/v2\/types\/page"}],"author":[{"embeddable":true,"href":"https:\/\/dwdemos-creative.biz\/aece\/wp-json\/wp\/v2\/users\/1"}],"replies":[{"embeddable":true,"href":"https:\/\/dwdemos-creative.biz\/aece\/wp-json\/wp\/v2\/comments?post=7154"}],"version-history":[{"count":13,"href":"https:\/\/dwdemos-creative.biz\/aece\/wp-json\/wp\/v2\/pages\/7154\/revisions"}],"predecessor-version":[{"id":7494,"href":"https:\/\/dwdemos-creative.biz\/aece\/wp-json\/wp\/v2\/pages\/7154\/revisions\/7494"}],"wp:attachment":[{"href":"https:\/\/dwdemos-creative.biz\/aece\/wp-json\/wp\/v2\/media?parent=7154"}],"curies":[{"name":"wp","href":"https:\/\/api.w.org\/{rel}","templated":true}]}}